{"id":280,"date":"2021-10-11T13:22:53","date_gmt":"2021-10-11T11:22:53","guid":{"rendered":"http:\/\/amandairiarte.com\/?page_id=280"},"modified":"2026-08-08T09:17:28","modified_gmt":"2026-08-08T07:17:28","slug":"qui-suis-je","status":"publish","type":"page","link":"https:\/\/amandairiarte.com\/index.php\/qui-suis-je\/","title":{"rendered":"Qui suis-je?"},"content":{"rendered":"\n<p class=\"has-vivid-purple-color has-text-color\" style=\"font-size:30px\"><strong>Amanda Iriarte<\/strong><\/p>\n\n\n\n<div class=\"wp-block-image\"><figure class=\"alignright size-full\"><img loading=\"lazy\" width=\"161\" height=\"200\" src=\"https:\/\/amandairiarte.com\/wp-content\/uploads\/2026\/07\/image.png\" alt=\"\" class=\"wp-image-653\"\/><\/figure><\/div>\n\n\n\n<p class=\"has-vivid-purple-color has-text-color has-normal-font-size\">&#8211; Com\u00e9dienne et Metteur en Sc\u00e8ne                                                                                                                                      &#8211; Facilitatrice en dynamiques cr\u00e9atives et collectives                                                                                <\/p>\n\n\n\n<p>      <strong> <em>\u00ab\u00a0Le th\u00e9\u00e2tre invite \u00e0 une expression v\u00e9ritable de soi, par une approche globale de l&rsquo;individu qui engage le corps, le c\u0153ur et l&rsquo;esprit.\u00a0\u00bb<\/em> &#8211; Amanda<\/strong><\/p>\n\n\n\n<h2><strong>\u00c0 propos<\/strong><\/h2>\n\n\n\n<p>Com\u00e9dienne, formatrice et intervenante en m\u00e9diation artistique, j&rsquo;utilise le th\u00e9\u00e2tre et les outils de l&rsquo;art-th\u00e9rapie comme leviers d&rsquo;expression, de d\u00e9veloppement personnel et de coh\u00e9sion sociale.<\/p>\n\n\n\n<p>Forte d&rsquo;un parcours riche alliant <strong>pratique sc\u00e9nique, communication et outils d&rsquo;expression corporelle<\/strong>, je propose des accompagnements sur mesure, adapt\u00e9s aux besoins des individus et des collectifs.<\/p>\n\n\n\n<h2><strong>Domaines d&rsquo;intervention &amp; Services<\/strong><\/h2>\n\n\n\n<p>J&rsquo;interviens dans toute la France pour des missions ponctuelles ou des projets au long cours :<\/p>\n\n\n\n<ul><li><strong>Formations &amp; Stages :<\/strong> Animation d&rsquo;ateliers ax\u00e9s sur le jeu d&rsquo;acteur, l&rsquo;expression corporelle, l&rsquo;\u00e9criture spontan\u00e9e.<\/li><li><strong>Accompagnement d&rsquo;\u00e9quipes &amp; Collectifs :<\/strong> Consolidation du lien social, gestion \u00e9motionnelle et dynamique de groupe.<\/li><li><strong>Projets Socio-culturels &amp; P\u00e9dagogiques :<\/strong> Partenariats avec des collectivit\u00e9s, \u00e9tablissements scolaires, structures \u00e9ducatives et institutions sp\u00e9cialis\u00e9es (milieu carc\u00e9ral, sant\u00e9, r\u00e9insertion).<\/li><li><strong>Collaborations Artistiques :<\/strong> Regard ext\u00e9rieur et accompagnement sur des projets de cr\u00e9ation.<\/li><\/ul>\n\n\n\n<h2><strong>Parcours &amp; Expertise<\/strong><\/h2>\n\n\n\n<h3>\ud83c\udfad Pratique Artistique &amp; Animation<\/h3>\n\n\n\n<ul><li><strong>Formation de com\u00e9dienne :<\/strong> M\u00e9thode Stanislavski (Paris, Nantes), th\u00e9\u00e2tre social et clown (<em>Th\u00e9\u00e2tre Instant Pr\u00e9sent<\/em>).<\/li><li><strong>Mise en sc\u00e8ne &amp; Cr\u00e9ation :<\/strong> R\u00e9alisation de plus de 30 spectacles avec des publics vari\u00e9s (scolaires, personnes en situation de handicap, seniors, publics en r\u00e9insertion).<\/li><li><strong>M\u00e9diation &amp; outils artistiques :<\/strong> Int\u00e9gration du mouvement libre, de l&rsquo;\u00e9criture, du dessin et de l&rsquo;expression sc\u00e9nique dans l&rsquo;accompagnement individuel et collectif.<\/li><\/ul>\n\n\n\n<h3>\ud83e\udde0 Relation d&rsquo;aide &amp; P\u00e9dagogie<\/h3>\n\n\n\n<ul><li><strong>Psychologie &amp; Communication :<\/strong> Cursus universitaire en psychologie, formation \u00e0 la m\u00e9thode ESPERE\u00ae (communication relationnelle).<\/li><li><strong>D\u00e9veloppement personnel :<\/strong> Formations compl\u00e9mentaires en gestion \u00e9motionnelle, hypnose ericksonienne et coaching avec les outils artistiques.<\/li><li><strong>Pratiques corporelles &amp; vocales :<\/strong> Enrichissement continu de ma d\u00e9marche par le Qi Gong, la danse et le chant psychophonique.<\/li><\/ul>\n\n\n\n<h3><strong>Pourquoi travailler ensemble ?<\/strong><\/h3>\n\n\n\n<p>Mon approche globale permet d&rsquo;offrir des <strong>interventions uniques, adapt\u00e9es \u00e0 la r\u00e9alit\u00e9 du terrain et centr\u00e9es sur l&rsquo;humain<\/strong>, o\u00f9 l&rsquo;art devient un outil de transformation et de lien.<\/p>\n\n\n\n<p class=\"has-vivid-purple-color has-text-color has-normal-font-size\">                                                                                                                                                                                                                  <\/p>\n","protected":false},"excerpt":{"rendered":"<p>Amanda Iriarte &#8211; Com\u00e9dienne et Metteur en Sc\u00e8ne &#8211; Facilitatrice en dynamiques cr\u00e9atives et collectives \u00ab\u00a0Le th\u00e9\u00e2tre invite \u00e0 une expression v\u00e9ritable de soi, par une approche globale de l&rsquo;individu qui engage le corps, le c\u0153ur et l&rsquo;esprit.\u00a0\u00bb &#8211; Amanda \u00c0 propos Com\u00e9dienne, formatrice et intervenante en m\u00e9diation artistique, j&rsquo;utilise le th\u00e9\u00e2tre et les outils &hellip; <\/p>\n<p class=\"link-more\"><a href=\"https:\/\/amandairiarte.com\/index.php\/qui-suis-je\/\" class=\"more-link\">Continuer la lecture<span class=\"screen-reader-text\"> de &laquo;&nbsp;Qui suis-je?&nbsp;&raquo;<\/span><\/a><\/p>\n","protected":false},"author":1,"featured_media":494,"parent":0,"menu_order":0,"comment_status":"closed","ping_status":"closed","template":"","meta":{"_monsterinsights_skip_tracking":false,"_monsterinsights_sitenote_active":false,"_monsterinsights_sitenote_note":"","_monsterinsights_sitenote_category":0},"_links":{"self":[{"href":"https:\/\/amandairiarte.com\/index.php\/wp-json\/wp\/v2\/pages\/280"}],"collection":[{"href":"https:\/\/amandairiarte.com\/index.php\/wp-json\/wp\/v2\/pages"}],"about":[{"href":"https:\/\/amandairiarte.com\/index.php\/wp-json\/wp\/v2\/types\/page"}],"author":[{"embeddable":true,"href":"https:\/\/amandairiarte.com\/index.php\/wp-json\/wp\/v2\/users\/1"}],"replies":[{"embeddable":true,"href":"https:\/\/amandairiarte.com\/index.php\/wp-json\/wp\/v2\/comments?post=280"}],"version-history":[{"count":45,"href":"https:\/\/amandairiarte.com\/index.php\/wp-json\/wp\/v2\/pages\/280\/revisions"}],"predecessor-version":[{"id":693,"href":"https:\/\/amandairiarte.com\/index.php\/wp-json\/wp\/v2\/pages\/280\/revisions\/693"}],"wp:featuredmedia":[{"embeddable":true,"href":"https:\/\/amandairiarte.com\/index.php\/wp-json\/wp\/v2\/media\/494"}],"wp:attachment":[{"href":"https:\/\/amandairiarte.com\/index.php\/wp-json\/wp\/v2\/media?parent=280"}],"curies":[{"name":"wp","href":"https:\/\/api.w.org\/{rel}","templated":true}]}}

<p class="has-vivid-purple-color has-text-color" style="font-size:30px"><strong>Amanda Iriarte</strong></p>



<div class="wp-block-image"><figure class="alignright size-full"><img loading="lazy" width="161" height="200" src="https://amandairiarte.com/wp-content/uploads/2026/07/image.png" alt="" class="wp-image-653"/></figure></div>



<p class="has-vivid-purple-color has-text-color has-normal-font-size">&#8211; Comédienne et Metteur en Scène                                                                                                                                      &#8211; Facilitatrice en dynamiques créatives et collectives                                                                                </p>



<p>      <strong> <em>« Le théâtre invite à une expression véritable de soi, par une approche globale de l&rsquo;individu qui engage le corps, le cœur et l&rsquo;esprit. »</em> &#8211; Amanda</strong></p>



<h2><strong>À propos</strong></h2>



<p>Comédienne, formatrice et intervenante en médiation artistique, j&rsquo;utilise le théâtre et les outils de l&rsquo;art-thérapie comme leviers d&rsquo;expression, de développement personnel et de cohésion sociale.</p>



<p>Forte d&rsquo;un parcours riche alliant <strong>pratique scénique, communication et outils d&rsquo;expression corporelle</strong>, je propose des accompagnements sur mesure, adaptés aux besoins des individus et des collectifs.</p>



<h2><strong>Domaines d&rsquo;intervention &amp; Services</strong></h2>



<p>J&rsquo;interviens dans toute la France pour des missions ponctuelles ou des projets au long cours :</p>



<ul><li><strong>Formations &amp; Stages :</strong> Animation d&rsquo;ateliers axés sur le jeu d&rsquo;acteur, l&rsquo;expression corporelle, l&rsquo;écriture spontanée.</li><li><strong>Accompagnement d&rsquo;équipes &amp; Collectifs :</strong> Consolidation du lien social, gestion émotionnelle et dynamique de groupe.</li><li><strong>Projets Socio-culturels &amp; Pédagogiques :</strong> Partenariats avec des collectivités, établissements scolaires, structures éducatives et institutions spécialisées (milieu carcéral, santé, réinsertion).</li><li><strong>Collaborations Artistiques :</strong> Regard extérieur et accompagnement sur des projets de création.</li></ul>



<h2><strong>Parcours &amp; Expertise</strong></h2>



<h3>🎭 Pratique Artistique &amp; Animation</h3>



<ul><li><strong>Formation de comédienne :</strong> Méthode Stanislavski (Paris, Nantes), théâtre social et clown (<em>Théâtre Instant Présent</em>).</li><li><strong>Mise en scène &amp; Création :</strong> Réalisation de plus de 30 spectacles avec des publics variés (scolaires, personnes en situation de handicap, seniors, publics en réinsertion).</li><li><strong>Médiation &amp; outils artistiques :</strong> Intégration du mouvement libre, de l&rsquo;écriture, du dessin et de l&rsquo;expression scénique dans l&rsquo;accompagnement individuel et collectif.</li></ul>



<h3>🧠 Relation d&rsquo;aide &amp; Pédagogie</h3>



<ul><li><strong>Psychologie &amp; Communication :</strong> Cursus universitaire en psychologie, formation à la méthode ESPERE® (communication relationnelle).</li><li><strong>Développement personnel :</strong> Formations complémentaires en gestion émotionnelle, hypnose ericksonienne et coaching avec les outils artistiques.</li><li><strong>Pratiques corporelles &amp; vocales :</strong> Enrichissement continu de ma démarche par le Qi Gong, la danse et le chant psychophonique.</li></ul>



<h3><strong>Pourquoi travailler ensemble ?</strong></h3>



<p>Mon approche globale permet d&rsquo;offrir des <strong>interventions uniques, adaptées à la réalité du terrain et centrées sur l&rsquo;humain</strong>, où l&rsquo;art devient un outil de transformation et de lien.</p>



<p class="has-vivid-purple-color has-text-color has-normal-font-size">                                                                                                                                                                                                                  </p>

<p>Amanda Iriarte &#8211; Comédienne et Metteur en Scène &#8211; Facilitatrice en dynamiques créatives et collectives « Le théâtre invite à une expression véritable de soi, par une approche globale de l&rsquo;individu qui engage le corps, le cœur et l&rsquo;esprit. » &#8211; Amanda À propos Comédienne, formatrice et intervenante en médiation artistique, j&rsquo;utilise le théâtre et les outils &hellip; </p>
<p class="link-more"><a href="https://amandairiarte.com/index.php/qui-suis-je/" class="more-link">Continuer la lecture<span class="screen-reader-text"> de &laquo;&nbsp;Qui suis-je?&nbsp;&raquo;</span></a></p>
