{"id":393,"date":"2023-02-07T15:45:50","date_gmt":"2023-02-07T14:45:50","guid":{"rendered":"http:\/\/amandairiarte.com\/?page_id=393"},"modified":"2023-10-07T09:43:00","modified_gmt":"2023-10-07T07:43:00","slug":"entreprises","status":"publish","type":"page","link":"https:\/\/amandairiarte.com\/index.php\/entreprises\/","title":{"rendered":"Entreprises"},"content":{"rendered":"\n<p>J&rsquo;accompagne les entreprises dans le but d&rsquo;am\u00e9liorer les conditions globales de travail, en renfor\u00e7ant la coh\u00e9sion d&rsquo;\u00e9quipe, en augmentant la confiance en soi chez les salari\u00e9s, en redonnant du sens au travail.<\/p>\n\n\n\n<p>J&rsquo;adapte les ateliers \u00e0 la demande des entreprises, \u00e0 leur(s) objectif(s), \u00e0 leurs valeurs.<\/p>\n\n\n\n<p>Ces ateliers uniques sont pluridisciplinaires, inspir\u00e9s de l&rsquo;approche th\u00e9\u00e2trale, la danse-th\u00e9rapie, l&rsquo;art-th\u00e9rapie et l&rsquo;hypnose.<\/p>\n\n\n\n<p>Dans un cadre bienveillant et s\u00e9curisant, les participants sont amen\u00e9s \u00e0 se rencontrer, eux-m\u00eames et les autres, dans une exploration consciente et une libre expression de soi en exp\u00e9rimentant diff\u00e9rents outils artistiques, tels que la danse, le mouvement, le jeu, l&rsquo;expression orale, \u00e9motionnelle, l&rsquo;improvisation, l&rsquo;\u00e9criture, le dessin&#8230;<\/p>\n\n\n\n<p>Chacun va pouvoir r\u00e9v\u00e9ler sa personnalit\u00e9, ses forces, ses faiblesses et ses comp\u00e9tences. Au fil des ateliers, les liens entre collaborateurs vont se cr\u00e9er ou se renforcer, ils vont apprendre \u00e0 mieux se conna\u00eetre, ce qui va permettre d&rsquo;instaurer un climat social positif, favorable \u00e0 la communication, donc \u00e0 une meilleure gestion des conflits, et \u00e0 une meilleure efficacit\u00e9 et efficience dans les t\u00e2ches collectives.<\/p>\n\n\n\n<p>Cette approche est un v\u00e9ritable levier vers du mieux. Elle encourage la cr\u00e9ativit\u00e9, et permet \u00e0 chaque salari\u00e9 de d\u00e9passer ses barri\u00e8res, limites et croyances. Les \u00e9changes et les partages \u00e9tant favoris\u00e9s, de fortes connexions \u00e9motionnelles se cr\u00e9ent, ce qui renforce notablement le sentiment d&rsquo;appartenance, de confiance en soi et en l&rsquo;autre. Autant d&rsquo;aspects qui auront une influence positive sur la qualit\u00e9 de vie au travail et la performance de l&rsquo;entreprise.<\/p>\n\n\n\n<p>Contactez-moi au 06.77.84.78.67 ou amanda.iriarte@gmail.com<\/p>\n\n\n\n<p> Directrice d\u2019ateliers artistiques pluridisciplinaires, Amanda travaille aupr\u00e8s d\u2019enfants, adolescents en milieu associatif et scolaires, pour des enfants en difficult\u00e9 comportementale, sociale ou d\u2019apprentissage, aupr\u00e8s de femmes, seniors et personnes en situation de handicap. Form\u00e9e au th\u00e9\u00e2tre social et \u00e0 diff\u00e9rentes approches et techniques th\u00e9\u00e2trales, elle met ses comp\u00e9tences au service d\u2019un public divers et vari\u00e9. Ses nombreuses formations en d\u00e9veloppement personnel (communication relationnelle, gestion \u00e9motionnelle, art-th\u00e9rapie, hypnose) et ses diverses pratiques personnelles telles que le Qi Gong, la danse -th\u00e9rapie, la psychophonie, lui permettent d\u2019\u00e9largir sa proposition en mati\u00e8re d\u2019accompagnement. Ses ateliers sont sa signature, une ouverture \u00e0 l\u2019expression de soi en conscience et en partage avec les autres.<br>Retrouvez son travail et son approche sur son site:&nbsp;<a rel=\"noreferrer noopener\" href=\"https:\/\/l.facebook.com\/l.php?u=http%3A%2F%2Famandairiarte.com%2F%3Ffbclid%3DIwAR1ph3iryBS4f_R5-bYxD791m9S2i_e4nk7Du8TDnulsSsGVUqFRDS6Sm1Y&amp;h=AT0B6-_V0Cwbxx0aDIQNp7MDPeYy1IvdAJl_dyDMoJwmKj9SIbR4KNJq_ivyscm3ukXCg-kSdU__YWmbZ_aVTH2JkWoB70j9Wi8cUkGsfdJEHwy8rvOZi3f_GhKBRhyZzkPyt7-306TfB6U-DjVh&amp;__tn__=q&amp;c[0]=AT3j9gn_hi9gnu7LWdIQC-IeJum3lOp_1XNLTTePnPcdB0B8vCgJ3ers9pYSeLixOKpqOSX5IIiNQxmq2RXdVRfWP6laQ0Q9EDU3EIaLt_gPHr1zvGJ4-4BgGq42dwOBXofvzB5GDBZOUhUF9RN7teLWVKxt\" target=\"_blank\">http:\/\/amandairiarte.com\/<\/a> <\/p>\n\n\n\n<div class=\"wp-block-group\"><div class=\"wp-block-group__inner-container\">\n<div class=\"wp-block-image\"><figure class=\"aligncenter size-full is-resized\"><img src=\"http:\/\/amandairiarte.com\/wp-content\/uploads\/2023\/03\/20191211_195452-1-edited.jpg\" alt=\"\" class=\"wp-image-423\" width=\"266\" srcset=\"https:\/\/amandairiarte.com\/wp-content\/uploads\/2023\/03\/20191211_195452-1-edited.jpg 615w, https:\/\/amandairiarte.com\/wp-content\/uploads\/2023\/03\/20191211_195452-1-edited-300x300.jpg 300w, https:\/\/amandairiarte.com\/wp-content\/uploads\/2023\/03\/20191211_195452-1-edited-150x150.jpg 150w, https:\/\/amandairiarte.com\/wp-content\/uploads\/2023\/03\/20191211_195452-1-edited-100x100.jpg 100w\" sizes=\"(max-width: 615px) 100vw, 615px\" \/><\/figure><\/div>\n\n\n\n<figure class=\"wp-block-gallery columns-3 is-cropped\"><ul class=\"blocks-gallery-grid\"><li class=\"blocks-gallery-item\"><figure><img loading=\"lazy\" width=\"311\" height=\"233\" src=\"http:\/\/amandairiarte.com\/wp-content\/uploads\/2023\/02\/20181205_192511.jpg\" alt=\"\" data-id=\"385\" data-full-url=\"http:\/\/amandairiarte.com\/wp-content\/uploads\/2023\/02\/20181205_192511.jpg\" data-link=\"http:\/\/amandairiarte.com\/20181205_192511\/\" class=\"wp-image-385\" srcset=\"https:\/\/amandairiarte.com\/wp-content\/uploads\/2023\/02\/20181205_192511.jpg 311w, https:\/\/amandairiarte.com\/wp-content\/uploads\/2023\/02\/20181205_192511-300x225.jpg 300w\" sizes=\"(max-width: 311px) 100vw, 311px\" \/><\/figure><\/li><li class=\"blocks-gallery-item\"><figure><img loading=\"lazy\" width=\"928\" height=\"864\" src=\"http:\/\/amandairiarte.com\/wp-content\/uploads\/2023\/10\/original_5007c7ca-692c-461a-8eb4-d3b27e98055f_PXL_20230420_133802901-1.jpg\" alt=\"\" data-id=\"481\" data-full-url=\"http:\/\/amandairiarte.com\/wp-content\/uploads\/2023\/10\/original_5007c7ca-692c-461a-8eb4-d3b27e98055f_PXL_20230420_133802901-1.jpg\" data-link=\"http:\/\/amandairiarte.com\/index.php\/entreprises\/original_5007c7ca-692c-461a-8eb4-d3b27e98055f_pxl_20230420_133802901-1\/\" class=\"wp-image-481\" srcset=\"https:\/\/amandairiarte.com\/wp-content\/uploads\/2023\/10\/original_5007c7ca-692c-461a-8eb4-d3b27e98055f_PXL_20230420_133802901-1.jpg 928w, https:\/\/amandairiarte.com\/wp-content\/uploads\/2023\/10\/original_5007c7ca-692c-461a-8eb4-d3b27e98055f_PXL_20230420_133802901-1-300x279.jpg 300w, https:\/\/amandairiarte.com\/wp-content\/uploads\/2023\/10\/original_5007c7ca-692c-461a-8eb4-d3b27e98055f_PXL_20230420_133802901-1-768x715.jpg 768w\" sizes=\"(max-width: 767px) 89vw, (max-width: 1000px) 54vw, (max-width: 1071px) 543px, 580px\" \/><\/figure><\/li><li class=\"blocks-gallery-item\"><figure><img loading=\"lazy\" width=\"929\" height=\"902\" src=\"http:\/\/amandairiarte.com\/wp-content\/uploads\/2023\/10\/IMG-20230421-WA0126.jpg\" alt=\"\" data-id=\"480\" data-link=\"http:\/\/amandairiarte.com\/index.php\/entreprises\/img-20230421-wa0126\/\" class=\"wp-image-480\" srcset=\"https:\/\/amandairiarte.com\/wp-content\/uploads\/2023\/10\/IMG-20230421-WA0126.jpg 929w, https:\/\/amandairiarte.com\/wp-content\/uploads\/2023\/10\/IMG-20230421-WA0126-300x291.jpg 300w, https:\/\/amandairiarte.com\/wp-content\/uploads\/2023\/10\/IMG-20230421-WA0126-768x746.jpg 768w\" sizes=\"(max-width: 767px) 89vw, (max-width: 1000px) 54vw, (max-width: 1071px) 543px, 580px\" \/><\/figure><\/li><\/ul><\/figure>\n<\/div><\/div>\n","protected":false},"excerpt":{"rendered":"<p>J&rsquo;accompagne les entreprises dans le but d&rsquo;am\u00e9liorer les conditions globales de travail, en renfor\u00e7ant la coh\u00e9sion d&rsquo;\u00e9quipe, en augmentant la confiance en soi chez les salari\u00e9s, en redonnant du sens au travail. J&rsquo;adapte les ateliers \u00e0 la demande des entreprises, \u00e0 leur(s) objectif(s), \u00e0 leurs valeurs. Ces ateliers uniques sont pluridisciplinaires, inspir\u00e9s de l&rsquo;approche th\u00e9\u00e2trale, &hellip; <\/p>\n<p class=\"link-more\"><a href=\"https:\/\/amandairiarte.com\/index.php\/entreprises\/\" class=\"more-link\">Continuer la lecture<span class=\"screen-reader-text\"> de &laquo;&nbsp;Entreprises&nbsp;&raquo;<\/span><\/a><\/p>\n","protected":false},"author":1,"featured_media":0,"parent":0,"menu_order":0,"comment_status":"closed","ping_status":"closed","template":"","meta":{"_monsterinsights_skip_tracking":false,"_monsterinsights_sitenote_active":false,"_monsterinsights_sitenote_note":"","_monsterinsights_sitenote_category":0},"_links":{"self":[{"href":"https:\/\/amandairiarte.com\/index.php\/wp-json\/wp\/v2\/pages\/393"}],"collection":[{"href":"https:\/\/amandairiarte.com\/index.php\/wp-json\/wp\/v2\/pages"}],"about":[{"href":"https:\/\/amandairiarte.com\/index.php\/wp-json\/wp\/v2\/types\/page"}],"author":[{"embeddable":true,"href":"https:\/\/amandairiarte.com\/index.php\/wp-json\/wp\/v2\/users\/1"}],"replies":[{"embeddable":true,"href":"https:\/\/amandairiarte.com\/index.php\/wp-json\/wp\/v2\/comments?post=393"}],"version-history":[{"count":12,"href":"https:\/\/amandairiarte.com\/index.php\/wp-json\/wp\/v2\/pages\/393\/revisions"}],"predecessor-version":[{"id":483,"href":"https:\/\/amandairiarte.com\/index.php\/wp-json\/wp\/v2\/pages\/393\/revisions\/483"}],"wp:attachment":[{"href":"https:\/\/amandairiarte.com\/index.php\/wp-json\/wp\/v2\/media?parent=393"}],"curies":[{"name":"wp","href":"https:\/\/api.w.org\/{rel}","templated":true}]}}